3248?
True
Does 10 divide 140?
True
Is 2380 a multiple of 35?
True
Does 26 divide 1448?
False
Is 18 a factor of 82707?
False
Is 91 a factor of 8008?
True
Is 2 a factor of 105?
False
Is 20749 a multiple of 86?
False
Does 20 divide 894?
False
Is 42 a factor of 4284?
True
Is 3144 a multiple of 24?
True
Does 5 divide 132?
False
Is 3690 a multiple of 45?
True
Is 1532 a multiple of 4?
True
Is 2655 a multiple of 3?
True
Does 5 divide 15?
True
Is 12 a factor of 192?
True
Is 3095 a multiple of 13?
False
Does 30 divide 79165?
False
Is 4 a factor of 72?
True
Is 155 a factor of 26052?
False
Is 9003 a multiple of 3?
True
Is 14 a factor of 159630?
False
Is 27 a factor of 1555?
False
Is 953 a multiple of 54?
False
Is 4570 a multiple of 224?
False
Does 14 divide 1498?
True
Is 14 a factor of 2646?
True
Is 696 a multiple of 29?
True
Is 93 a factor of 93?
True
Does 46 divide 598?
True
Does 11 divide 445?
False
Is 30 a factor of 1314?
False
Is 14 a factor of 264?
False
Is 5 a factor of 2004?
False
Is 183 even?
False
Is 19 a factor of 34?
False
Is 100 a factor of 157139?
False
Does 19 divide 163?
False
Does 5 divide 794?
False
Is 39 a factor of 858?
True
Does 19 divide 760?
True
Is 11 a factor of 198?
True
Does 37 divide 27898?
True
Is 15185 a multiple of 44?
False
Is 2135 a multiple of 35?
True
Is 2098 a multiple of 37?
False
Is 44 a factor of 4151?
False
Does 203 divide 27608?
True
Is 1547 a multiple of 7?
True
Is 45 a multiple of 3?
True
Does 2 divide 72?
True
Is 19 a factor of 2936?
False
Is 9890 a multiple of 43?
True
Does 2 divide 292?
True
Does 4 divide 20595?
False
Is 27 a factor of 81?
True
Is 11 a factor of 44814?
True
Is 70470 a multiple of 9?
True
Does 16 divide 17776?
True
Does 6 divide 5774?
False
Does 31 divide 68065?
False
Does 18 divide 4308?
False
Is 16 a factor of 32?
True
Does 13 divide 161486?
True
Is 20 a factor of 6080?
True
Does 31 divide 1124?
False
Is 9445 a multiple of 120?
False
Does 382 divide 104541?
False
Is 2277 a multiple of 3?
True
Does 13 divide 2920?
False
Does 9 divide 2967?
False
Is 799 a multiple of 3?
False
Does 24 divide 504?
True
Is 4 a factor of 82?
False
Is 34 a multiple of 17?
True
Is 28 a factor of 672?
True
Is 359 a factor of 16155?
True
Is 29 a factor of 709?
False
Is 584 a multiple of 47?
False
Does 12 divide 1476?
True
Is 11517 a multiple of 18?
False
Is 1286 a multiple of 4?
False
Is 33 a factor of 341?
False
Is 247 a multiple of 73?
False
Is 21 a factor of 635?
False
Is 43 a factor of 4144?
False
Is 322 a multiple of 14?
True
Is 16 a factor of 37248?
True
Is 127 a factor of 10922?
True
Is 28 a factor of 837?
False
Is 65 a factor of 824?
False
Is 4236 a multiple of 6?
True
Does 88 divide 137456?
True
Is 588 a multiple of 14?
True
Is 7 a factor of 1856?
False
Is 24 a factor of 1032?
True
Is 115 a multiple of 2?
False
Is 109 a factor of 10355?
True
Is 985 a multiple of 7?
False
Is 7 a factor of 609?
True
Is 33 a factor of 3102?
True
Is 12 a factor of 2004?
True
Does 21 divide 13335?
True
Is 21 a factor of 2083?
False
Does 14 divide 40073?
False
Is 6601 a multiple of 14?
False
Does 29 divide 3132?
True
Is 6 a factor of 220?
False
Is 1149 a multiple of 20?
False
Does 100 divide 29500?
True
Does 2 divide 102?
True
Is 19 a factor of 8992?
False
Is 665 a multiple of 19?
True
Is 6624 a multiple of 32?
True
Is 12 a factor of 679?
False
Is 16 a factor of 35959?
False
Is 23 a factor of 1880?
False
Is 3864 a multiple of 59?
False
Is 5 a factor of 1735?
True
Does 73 divide 520?
False
Does 16 divide 682?
False
Is 73 a factor of 15393?
False
Is 10 a factor of 774?
False
Does 55 divide 785?
False
Does 37 divide 677?
False
Is 2720 a multiple of 68?
True
Does 6 divide 2806?
False
Is 2175 a multiple of 19?
False
Does 11 divide 3223?
True
Is 7 a factor of 8186?
False
Is 1368 a multiple of 26?
False
Is 3905 a multiple of 29?
False
Does 102 divide 3449?
False
Is 8 a factor of 7718?
False
Does 15 divide 3720?
True
Is 36886 a multiple of 67?
False
Does 52 divide 2756?
True
Is 19 a factor of 76?
True
Does 17 divide 275?
False
Does 6 divide 1319?
False
Does 36 divide 32571?
False
Does 31 divide 19064?
False
Does 30 divide 13708?
False
Does 50 divide 450?
True
Is 198 a factor of 106324?
False
Is 10 a factor of 53818?
False
Is 4956 a multiple of 14?
True
Is 18 a factor of 401?
False
Is 217 a factor of 34720?
True
Is 946 a multiple of 4?
False
Is 525 a multiple of 7?
True
Is 7 a factor of 41?
False
Is 3829 a multiple of 23?
False
Does 9 divide 721?
False
Is 72 a multiple of 8?
True
Does 8 divide 20615?
False
Is 13289 a multiple of 124?
False
Does 4 divide 552?
True
Is 878 a multiple of 26?
False
Is 13 a factor of 663?
True
Does 15 divide 315?
True
Does 72 divide 2736?
True
Is 12 a factor of 3047?
False
Does 186 divide 20646?
True
Is 7 a factor of 217?
True
Does 10 divide 1410?
True
Is 446 a multiple of 38?
False
Does 16 divide 3776?
True
Does 21 divide 13075?
False
Is 9 a factor of 529?
False
Is 17006 a multiple of 11?
True
Is 5244 a multiple of 228?
True
Is 3120 a multiple of 16?
True
Is 1940 a multiple of 14?
False
Does 14 divide 4096?
False
Is 8 a factor of 1112?
True
Does 7 divide 5453?
True
Does 25 divide 4453?
False
Is 71 a factor of 14200?
True
Is 4784 a multiple of 52?
True
Does 5 divide 2454?
False
Does 3 divide 450?
True
Is 3708 a multiple of 9?
True
Is 7 a factor of 1846?
False
Does 9 divide 6334?
False
Does 46 divide 10439?
False
Is 8733 a multiple of 41?
True
Is 49 a factor of 4017?
False
Is 40 a factor of 20520?
True
Is 30 a factor of 11938?
False
Is 540 a multiple of 270?
True
Is 315 a multiple of 63?
True
Is 19 a factor of 44517?
True
Does 13 divide 53732?
False
Is 6233 a multiple of 62?
False
Is 27972 a multiple of 108?
True
Is 66 a multiple of 2?
True
Does 21 divide 126?
True
Does 3 divide 738?
True
Does 24 divide 2472?
True
Does 75 divide 17552?
False
Does 7 divide 1108?
False
Does 15 divide 1095?
True
Is 4 a factor of 1120?
True
Does 207 divide 3102?
False
Is 44 a factor of 1056?
True
Is 468 a multiple of 26?
True
Does 218 divide 872?
True
Does 152 divide 36193?
False
Does 15 divide 11055?
True
Does 3 divide 600?
True
Does 18 divide 3240?
True
Is 37 a factor of 1063?
False
Does 33 divide 12530?
False
Is 22 a factor of 634?
False
Does 26 divide 11050?
True
Is 10 a factor of 40420?
True
Does 7 divide 1519?
True
Does 32 divide 6176?
True
Does 25 divide 635?
False
Does 17 divide 562?
False
Does 15 divide 468?
False
Does 3 divide 93?
True
Is 72 a multiple of 6?
True
Is 1190 a multiple of 34?
True
Does 9 divide 2579?
False
Does 17 divide 14586?
True
Is 49 a multiple of 5?
False
Is 17 a factor of 7138?
False
Is 32561 a multiple of 35?
False
Is 22512 a multiple of 16?
True
Is 35 a factor of 9380?
True
Is 17820 a multiple of 81?
True
Is 4142 a multiple of 19?
True
Is 31412 a multiple of 7?
False
Does 35 divide 3640?
True
Does 29 divide 145?
True
Is 29 a factor of 7083?
False
Is 4356 a multiple of 86?
False
Is 198 a factor of 17069?
False
Does 11 divide 49863?
True
Is 13340 a multiple of 104?
False
Is 10770 a multiple of 126?
False
Is 6 a factor of 4291?
False
Does 108 divide 38674?
False
Does 32 divide 1088?
True
Is 56 a factor of 392?
True
Is 88 a factor of 1672?
True
Is 295 a multiple of 69?
False
Is 56 a factor of 13048?
True
Does 39 divide 40846?
False
Does 28 divide 12529?
False
Is 15 a factor of 1966?
False
Is 5432 a multiple of 8?
True
Is 1674 a multiple of 59?
False
Does 138 divide 19989?
False
Is 4040 a multiple of 20?
True
Is 12 a factor of 240?
True
Is 408 a multiple of 13?
False
Is 144 a multiple of 3?
True
Is 20020 a multiple of 7?
True
Does 10 divide 70?
True
Is 23 a factor of 8027?
True
Is 126 a factor of 8819?
False
Is 6058 a multiple of 13?
True
Is 11978 a multiple of 113?
True
Is 27 a factor of 377?
False
Is 46 a factor of 3257?
False
Does 15 divide 9345?
True
Is 512 a multiple of 32?
True
Does 15 divide 681?
False
Is 19 a factor of 1659?
False
Does 12 divide 31348?
False
Is 17 a factor of 14382?
True
Does 8 divide 408?
True
Is 28 a factor of 1596?
True
Does 31 divide 59?
False
Is 43 a factor of 330?
False
Is 345 a multiple of 13?
False
Is 107 a multiple of 57?
False
Does 147 divide 4592?
False
Is 8 a factor of 2621?
False
Is 12528 a multiple of 12?
True
Does 6 divide 21152?
False
Is 234 a multiple of 13?
Tru